{"id":491,"date":"2024-03-27T16:13:59","date_gmt":"2024-03-27T15:13:59","guid":{"rendered":"http:\/\/127.0.0.1\/dashboard\/?page_id=491"},"modified":"2024-03-27T21:49:58","modified_gmt":"2024-03-27T20:49:58","slug":"kyll","status":"publish","type":"page","link":"http:\/\/asc-pfalzel.de\/dashboard\/kyll\/","title":{"rendered":"Kyll"},"content":{"rendered":"\t\t<div data-elementor-type=\"wp-page\" data-elementor-id=\"491\" class=\"elementor elementor-491\">\n\t\t\t\t<div class=\"elementor-element elementor-element-c7316af e-flex e-con-boxed e-con e-parent\" data-id=\"c7316af\" data-element_type=\"container\">\n\t\t\t\t\t<div class=\"e-con-inner\">\n\t\t\t\t<div class=\"elementor-element elementor-element-3632fe3 elementor-widget elementor-widget-heading\" data-id=\"3632fe3\" data-element_type=\"widget\" data-widget_type=\"heading.default\">\n\t\t\t\t<div class=\"elementor-widget-container\">\n\t\t\t<style>\/*! elementor - v3.21.0 - 15-04-2024 *\/\n.elementor-heading-title{padding:0;margin:0;line-height:1}.elementor-widget-heading .elementor-heading-title[class*=elementor-size-]>a{color:inherit;font-size:inherit;line-height:inherit}.elementor-widget-heading .elementor-heading-title.elementor-size-small{font-size:15px}.elementor-widget-heading .elementor-heading-title.elementor-size-medium{font-size:19px}.elementor-widget-heading .elementor-heading-title.elementor-size-large{font-size:29px}.elementor-widget-heading .elementor-heading-title.elementor-size-xl{font-size:39px}.elementor-widget-heading .elementor-heading-title.elementor-size-xxl{font-size:59px}<\/style><h2 class=\"elementor-heading-title elementor-size-default\">Los 3<\/h2>\t\t<\/div>\n\t\t\t\t<\/div>\n\t\t\t\t<div class=\"elementor-element elementor-element-75b7618 elementor-widget elementor-widget-text-editor\" data-id=\"75b7618\" data-element_type=\"widget\" data-widget_type=\"text-editor.default\">\n\t\t\t\t<div class=\"elementor-widget-container\">\n\t\t\t<style>\/*! elementor - v3.21.0 - 15-04-2024 *\/\n.elementor-widget-text-editor.elementor-drop-cap-view-stacked .elementor-drop-cap{background-color:#69727d;color:#fff}.elementor-widget-text-editor.elementor-drop-cap-view-framed .elementor-drop-cap{color:#69727d;border:3px solid;background-color:transparent}.elementor-widget-text-editor:not(.elementor-drop-cap-view-default) .elementor-drop-cap{margin-top:8px}.elementor-widget-text-editor:not(.elementor-drop-cap-view-default) .elementor-drop-cap-letter{width:1em;height:1em}.elementor-widget-text-editor .elementor-drop-cap{float:left;text-align:center;line-height:1;font-size:50px}.elementor-widget-text-editor .elementor-drop-cap-letter{display:inline-block}<\/style>\t\t\t\t<p>Bei Los 3 handelt es sich um die Strecke der Kyll, beginnend am<\/p><p>Ortsausgang Trier Ehrang (E-Werk) bis Lohrbachbr\u00fccke.<\/p>\t\t\t\t\t\t<\/div>\n\t\t\t\t<\/div>\n\t\t\t\t<div class=\"elementor-element elementor-element-d444595 elementor-widget elementor-widget-image\" data-id=\"d444595\" data-element_type=\"widget\" data-widget_type=\"image.default\">\n\t\t\t\t<div class=\"elementor-widget-container\">\n\t\t\t<style>\/*! elementor - v3.21.0 - 15-04-2024 *\/\n.elementor-widget-image{text-align:center}.elementor-widget-image a{display:inline-block}.elementor-widget-image a img[src$=\".svg\"]{width:48px}.elementor-widget-image img{vertical-align:middle;display:inline-block}<\/style>\t\t\t\t\t\t\t\t\t\t<img fetchpriority=\"high\" decoding=\"async\" width=\"392\" height=\"600\" src=\"http:\/\/asc-pfalzel.de\/dashboard\/wp-content\/uploads\/2024\/03\/Kyll3.png\" class=\"attachment-ocean-thumb-m size-ocean-thumb-m wp-image-597\" alt=\"\" \/>\t\t\t\t\t\t\t\t\t\t\t\t\t<\/div>\n\t\t\t\t<\/div>\n\t\t\t\t<div class=\"elementor-element elementor-element-d093d98 elementor-widget elementor-widget-heading\" data-id=\"d093d98\" data-element_type=\"widget\" data-widget_type=\"heading.default\">\n\t\t\t\t<div class=\"elementor-widget-container\">\n\t\t\t<h2 class=\"elementor-heading-title elementor-size-default\">Vereinsbestimmung<br><br><\/h2>\t\t<\/div>\n\t\t\t\t<\/div>\n\t\t\t\t\t<\/div>\n\t\t\t\t<\/div>\n\t\t<div class=\"elementor-element elementor-element-084d5ee e-flex e-con-boxed e-con e-parent\" data-id=\"084d5ee\" data-element_type=\"container\">\n\t\t\t\t\t<div class=\"e-con-inner\">\n\t\t\t\t<div class=\"elementor-element elementor-element-ce11a38 elementor-widget elementor-widget-text-editor\" data-id=\"ce11a38\" data-element_type=\"widget\" data-widget_type=\"text-editor.default\">\n\t\t\t\t<div class=\"elementor-widget-container\">\n\t\t\t\t\t\t\t<p>das Gew\u00e4sser darf in der Zeit von einer Stunde vor dem Sonnenaufgang bis 24 Uhr befischt werden.<\/p>\t\t\t\t\t\t<\/div>\n\t\t\t\t<\/div>\n\t\t\t\t<div class=\"elementor-element elementor-element-1075625 elementor-widget elementor-widget-text-editor\" data-id=\"1075625\" data-element_type=\"widget\" data-widget_type=\"text-editor.default\">\n\t\t\t\t<div class=\"elementor-widget-container\">\n\t\t\t\t\t\t\t<ul><li>&nbsp;das Befischen ist mit zwei Angeln erlaubt.<\/li>\n<li>&nbsp;das Verwenden von Fahrzeugen zum Fischfang ist verboten.<\/li>\n<li>&nbsp;das Einwaten ist vom 1.Mai bis 31. Dezember erlaubt, wobei die im Laichgesch\u00e4ft befindlichen Fische nicht gest\u00f6rt&nbsp; werden d\u00fcrfen.<\/li>\n<li>&nbsp;St\u00f6rungen der Uferangler ist zu Vermeiden.<\/li>\n<li>&nbsp;der Gesamtfang darf 10 Pfund pro Tag nicht \u00fcberschreiten. Davon maximal 5 Pfund Weisfische, maximal drei Edelfische (Forelle, \u00c4sche, Saibling), jedoch nur ein Karpfen bzw. 1 Hecht oder 1 Zander<\/li>\n<li>&nbsp;gefangene Fische d\u00fcrfen nur in Textilk\u00f6chern geh\u00e4ltert werden<\/li>\n<\/ul>\t\t\t\t\t\t<\/div>\n\t\t\t\t<\/div>\n\t\t\t\t\t<\/div>\n\t\t\t\t<\/div>\n\t\t<div class=\"elementor-element elementor-element-a96b7f0 e-flex e-con-boxed e-con e-parent\" data-id=\"a96b7f0\" data-element_type=\"container\">\n\t\t\t\t\t<div class=\"e-con-inner\">\n\t\t\t\t<div class=\"elementor-element elementor-element-7f74ee4 elementor-widget elementor-widget-heading\" data-id=\"7f74ee4\" data-element_type=\"widget\" data-widget_type=\"heading.default\">\n\t\t\t\t<div class=\"elementor-widget-container\">\n\t\t\t<h2 class=\"elementor-heading-title elementor-size-default\">Los 5<\/h2>\t\t<\/div>\n\t\t\t\t<\/div>\n\t\t\t\t<div class=\"elementor-element elementor-element-a407551 elementor-widget elementor-widget-image\" data-id=\"a407551\" data-element_type=\"widget\" data-widget_type=\"image.default\">\n\t\t\t\t<div class=\"elementor-widget-container\">\n\t\t\t\t\t\t\t\t\t\t\t\t\t<img decoding=\"async\" width=\"600\" height=\"410\" src=\"http:\/\/asc-pfalzel.de\/dashboard\/wp-content\/uploads\/2024\/03\/Fliegenfischer_im_Einsatz.gif\" class=\"attachment-ocean-thumb-m size-ocean-thumb-m wp-image-610\" alt=\"\" \/>\t\t\t\t\t\t\t\t\t\t\t\t\t<\/div>\n\t\t\t\t<\/div>\n\t\t\t\t<div class=\"elementor-element elementor-element-7289178 elementor-widget elementor-widget-text-editor\" data-id=\"7289178\" data-element_type=\"widget\" data-widget_type=\"text-editor.default\">\n\t\t\t\t<div class=\"elementor-widget-container\">\n\t\t\t\t\t\t\t<p>Bei Los 5 handelt es sich um die Strecke vom Bann Daufenbach bis zum oberen Wehrrand Kyllerm\u00fchle<\/p>\t\t\t\t\t\t<\/div>\n\t\t\t\t<\/div>\n\t\t\t\t<div class=\"elementor-element elementor-element-7e43d6c elementor-widget elementor-widget-image\" data-id=\"7e43d6c\" data-element_type=\"widget\" data-widget_type=\"image.default\">\n\t\t\t\t<div class=\"elementor-widget-container\">\n\t\t\t\t\t\t\t\t\t\t\t\t\t<img decoding=\"async\" width=\"600\" height=\"409\" src=\"http:\/\/asc-pfalzel.de\/dashboard\/wp-content\/uploads\/2024\/03\/Fliegenfischer.gif\" class=\"attachment-ocean-thumb-m size-ocean-thumb-m wp-image-623\" alt=\"\" \/>\t\t\t\t\t\t\t\t\t\t\t\t\t<\/div>\n\t\t\t\t<\/div>\n\t\t\t\t<div class=\"elementor-element elementor-element-9237b51 elementor-widget elementor-widget-text-editor\" data-id=\"9237b51\" data-element_type=\"widget\" data-widget_type=\"text-editor.default\">\n\t\t\t\t<div class=\"elementor-widget-container\">\n\t\t\t\t\t\t\t<p>In den vergangenen Jahren wurde ein System zum Nachhaltigen Fischbesatz entwickelt und erprobt<\/p>\t\t\t\t\t\t<\/div>\n\t\t\t\t<\/div>\n\t\t\t\t\t<\/div>\n\t\t\t\t<\/div>\n\t\t<div class=\"elementor-element elementor-element-4adecfa e-flex e-con-boxed e-con e-parent\" data-id=\"4adecfa\" data-element_type=\"container\">\n\t\t\t\t\t<div class=\"e-con-inner\">\n\t\t\t\t<div class=\"elementor-element elementor-element-a24bc5a elementor-widget elementor-widget-heading\" data-id=\"a24bc5a\" data-element_type=\"widget\" data-widget_type=\"heading.default\">\n\t\t\t\t<div class=\"elementor-widget-container\">\n\t\t\t<h2 class=\"elementor-heading-title elementor-size-default\">Vereinsbestimmungen<br><\/h2>\t\t<\/div>\n\t\t\t\t<\/div>\n\t\t\t\t<div class=\"elementor-element elementor-element-2f5bec0 elementor-widget elementor-widget-text-editor\" data-id=\"2f5bec0\" data-element_type=\"widget\" data-widget_type=\"text-editor.default\">\n\t\t\t\t<div class=\"elementor-widget-container\">\n\t\t\t\t\t\t\t<ul>\n<li>das Gew\u00e4sser darf in der Zeit von einer Stunde vor dem Sonnenaufgang bis 24 Uhr befischt werden.<\/li>\n<li>das Befischen ist mit einer Angeln erlaubt.<\/li>\n<li>es d\u00fcrfen nur Kunstk\u00f6der verwandt werden<\/li>\n<li>das Verwenden von Fahrzeugen zum Fischfang ist verboten.<\/li>\n<li>das Einwaten ist vom 1.Mai bis 31. Dezember erlaubt, wobei die im Laichgesch\u00e4ft befindlichen Fische nicht gest\u00f6rt werden d\u00fcrfen.<\/li>\n<li>St\u00f6rungen der Uferangler ist zu Vermeiden.<\/li>\n<li>der Gesamtfang darf 10 Pfund pro Tag nicht \u00fcberschreiten. Davon maximal 5 Pfund Weissfische, maximal drei Edelfische (Forelle, \u00c4sche, Saibling)<\/li>\n<li>jedoch nur ein Karpfen bzw. 1 Hecht oder 1 Zander<\/li>\n<li>gefangene Fische d\u00fcrfen nur in Textilk\u00f6chern geh\u00e4ltert werden<\/li>\n<li>beim Spinnangeln ist das Blinkern bis einschliesslich Gr\u00f6sse 3 nur mit einem Einzelhaken erlaubt. Ab Gr\u00f6sse 4 kann ein Drillingshaken verwendet werden.<\/li>\n<li>In der Forellenschonzeit ist das Fischen mit dem sogenannten \u201eTiroler H\u00f6lzchen\u201c oder in gleicher Weise untersagt<\/li>\n<li>Auf Beschluss der Jahreshauptversammlung 2009 ist die \u00c4sche ganzj\u00e4hrig gesch\u00fctzt<\/li>\n<\/ul>\n<div><br><\/div>\n<div><br><\/div>\n<p><span style=\"color: var( --e-global-color-primary ); font-size: 21px;\"><b><u>Schonstrecke<\/u><\/b><\/span><br><\/p>\n<ul>\n<li>Zum Schutz unserer Fischbrut, ist der Flusslauf, von ca. 350 m vor dem Zusammenfluss mit dem Wehrkanal bis zur Wehrkrone, als Schongebiet zu betrachten.<\/li>\n<li>Das Beangeln ist in diesem Bereich untersagt.&nbsp;<\/li>\n<\/ul>\t\t\t\t\t\t<\/div>\n\t\t\t\t<\/div>\n\t\t\t\t\t<\/div>\n\t\t\t\t<\/div>\n\t\t\t\t<\/div>\n\t\t","protected":false},"excerpt":{"rendered":"<p>Los 3 Bei Los 3 handelt es sich um die Strecke der Kyll, beginnend am Ortsausgang Trier Ehrang (E-Werk) bis Lohrbachbr\u00fccke. Vereinsbestimmung das Gew\u00e4sser darf in der Zeit von einer Stunde vor dem Sonnenaufgang bis 24 Uhr befischt werden. &nbsp;das Befischen ist mit zwei Angeln erlaubt. &nbsp;das Verwenden von Fahrzeugen zum Fischfang ist verboten. &nbsp;das [&hellip;]<\/p>\n","protected":false},"author":1,"featured_media":0,"parent":0,"menu_order":0,"comment_status":"closed","ping_status":"closed","template":"","meta":{"ocean_post_layout":"full-screen","ocean_both_sidebars_style":"","ocean_both_sidebars_content_width":0,"ocean_both_sidebars_sidebars_width":0,"ocean_sidebar":"","ocean_second_sidebar":"","ocean_disable_margins":"enable","ocean_add_body_class":"","ocean_shortcode_before_top_bar":"","ocean_shortcode_after_top_bar":"","ocean_shortcode_before_header":"","ocean_shortcode_after_header":"","ocean_has_shortcode":"","ocean_shortcode_after_title":"","ocean_shortcode_before_footer_widgets":"","ocean_shortcode_after_footer_widgets":"","ocean_shortcode_before_footer_bottom":"","ocean_shortcode_after_footer_bottom":"","ocean_display_top_bar":"off","ocean_display_header":"default","ocean_header_style":"minimal","ocean_center_header_left_menu":"","ocean_custom_header_template":"","ocean_custom_logo":0,"ocean_custom_retina_logo":0,"ocean_custom_logo_max_width":0,"ocean_custom_logo_tablet_max_width":0,"ocean_custom_logo_mobile_max_width":0,"ocean_custom_logo_max_height":0,"ocean_custom_logo_tablet_max_height":0,"ocean_custom_logo_mobile_max_height":0,"ocean_header_custom_menu":"","ocean_menu_typo_font_family":"","ocean_menu_typo_font_subset":"","ocean_menu_typo_font_size":0,"ocean_menu_typo_font_size_tablet":0,"ocean_menu_typo_font_size_mobile":0,"ocean_menu_typo_font_size_unit":"px","ocean_menu_typo_font_weight":"","ocean_menu_typo_font_weight_tablet":"","ocean_menu_typo_font_weight_mobile":"","ocean_menu_typo_transform":"","ocean_menu_typo_transform_tablet":"","ocean_menu_typo_transform_mobile":"","ocean_menu_typo_line_height":0,"ocean_menu_typo_line_height_tablet":0,"ocean_menu_typo_line_height_mobile":0,"ocean_menu_typo_line_height_unit":"","ocean_menu_typo_spacing":0,"ocean_menu_typo_spacing_tablet":0,"ocean_menu_typo_spacing_mobile":0,"ocean_menu_typo_spacing_unit":"","ocean_menu_link_color":"","ocean_menu_link_color_hover":"","ocean_menu_link_color_active":"","ocean_menu_link_background":"","ocean_menu_link_hover_background":"","ocean_menu_link_active_background":"","ocean_menu_social_links_bg":"","ocean_menu_social_hover_links_bg":"","ocean_menu_social_links_color":"","ocean_menu_social_hover_links_color":"","ocean_disable_title":"on","ocean_disable_heading":"default","ocean_post_title":"","ocean_post_subheading":"","ocean_post_title_style":"","ocean_post_title_background_color":"","ocean_post_title_background":0,"ocean_post_title_bg_image_position":"","ocean_post_title_bg_image_attachment":"","ocean_post_title_bg_image_repeat":"","ocean_post_title_bg_image_size":"","ocean_post_title_height":0,"ocean_post_title_bg_overlay":0.5,"ocean_post_title_bg_overlay_color":"","ocean_disable_breadcrumbs":"default","ocean_breadcrumbs_color":"","ocean_breadcrumbs_separator_color":"","ocean_breadcrumbs_links_color":"","ocean_breadcrumbs_links_hover_color":"","ocean_display_footer_widgets":"off","ocean_display_footer_bottom":"off","ocean_custom_footer_template":"","footnotes":""},"_links":{"self":[{"href":"http:\/\/asc-pfalzel.de\/dashboard\/wp-json\/wp\/v2\/pages\/491"}],"collection":[{"href":"http:\/\/asc-pfalzel.de\/dashboard\/wp-json\/wp\/v2\/pages"}],"about":[{"href":"http:\/\/asc-pfalzel.de\/dashboard\/wp-json\/wp\/v2\/types\/page"}],"author":[{"embeddable":true,"href":"http:\/\/asc-pfalzel.de\/dashboard\/wp-json\/wp\/v2\/users\/1"}],"replies":[{"embeddable":true,"href":"http:\/\/asc-pfalzel.de\/dashboard\/wp-json\/wp\/v2\/comments?post=491"}],"version-history":[{"count":38,"href":"http:\/\/asc-pfalzel.de\/dashboard\/wp-json\/wp\/v2\/pages\/491\/revisions"}],"predecessor-version":[{"id":632,"href":"http:\/\/asc-pfalzel.de\/dashboard\/wp-json\/wp\/v2\/pages\/491\/revisions\/632"}],"wp:attachment":[{"href":"http:\/\/asc-pfalzel.de\/dashboard\/wp-json\/wp\/v2\/media?parent=491"}],"curies":[{"name":"wp","href":"https:\/\/api.w.org\/{rel}","templated":true}]}}