{"id":23,"date":"2024-03-26T13:52:46","date_gmt":"2024-03-26T12:52:46","guid":{"rendered":"http:\/\/127.0.0.1\/dashboard\/?page_id=23"},"modified":"2024-03-27T12:26:29","modified_gmt":"2024-03-27T11:26:29","slug":"ueber-uns","status":"publish","type":"page","link":"http:\/\/asc-pfalzel.de\/dashboard\/ueber-uns\/","title":{"rendered":"\u00dcber uns"},"content":{"rendered":"\t\t<div data-elementor-type=\"wp-page\" data-elementor-id=\"23\" class=\"elementor elementor-23\">\n\t\t\t\t<div class=\"elementor-element elementor-element-fcfbce9 e-flex e-con-boxed e-con e-parent\" data-id=\"fcfbce9\" data-element_type=\"container\">\n\t\t\t\t\t<div class=\"e-con-inner\">\n\t\t\t\t<div class=\"elementor-element elementor-element-d7a51a5 elementor-widget elementor-widget-heading\" data-id=\"d7a51a5\" data-element_type=\"widget\" data-widget_type=\"heading.default\">\n\t\t\t\t<div class=\"elementor-widget-container\">\n\t\t\t<style>\/*! elementor - v3.21.0 - 15-04-2024 *\/\n.elementor-heading-title{padding:0;margin:0;line-height:1}.elementor-widget-heading .elementor-heading-title[class*=elementor-size-]>a{color:inherit;font-size:inherit;line-height:inherit}.elementor-widget-heading .elementor-heading-title.elementor-size-small{font-size:15px}.elementor-widget-heading .elementor-heading-title.elementor-size-medium{font-size:19px}.elementor-widget-heading .elementor-heading-title.elementor-size-large{font-size:29px}.elementor-widget-heading .elementor-heading-title.elementor-size-xl{font-size:39px}.elementor-widget-heading .elementor-heading-title.elementor-size-xxl{font-size:59px}<\/style><h2 class=\"elementor-heading-title elementor-size-default\">Der Vorstand des ASC-Pfalzel<\/h2>\t\t<\/div>\n\t\t\t\t<\/div>\n\t\t\t\t\t<\/div>\n\t\t\t\t<\/div>\n\t\t<div class=\"elementor-element elementor-element-c551d5e e-flex e-con-boxed e-con e-parent\" data-id=\"c551d5e\" data-element_type=\"container\">\n\t\t\t\t\t<div class=\"e-con-inner\">\n\t\t\t\t\t<\/div>\n\t\t\t\t<\/div>\n\t\t<div class=\"elementor-element elementor-element-7f0139e e-flex e-con-boxed e-con e-parent\" data-id=\"7f0139e\" data-element_type=\"container\">\n\t\t\t\t\t<div class=\"e-con-inner\">\n\t\t\t\t<div class=\"elementor-element elementor-element-a59c514 elementor-widget elementor-widget-heading\" data-id=\"a59c514\" data-element_type=\"widget\" data-widget_type=\"heading.default\">\n\t\t\t\t<div class=\"elementor-widget-container\">\n\t\t\t<h2 class=\"elementor-heading-title elementor-size-default\">Gesch\u00e4ftsf\u00fchrender Vorstand<\/h2>\t\t<\/div>\n\t\t\t\t<\/div>\n\t\t\t\t<div class=\"elementor-element elementor-element-bed7f26 elementor-widget elementor-widget-text-editor\" data-id=\"bed7f26\" data-element_type=\"widget\" data-widget_type=\"text-editor.default\">\n\t\t\t\t<div class=\"elementor-widget-container\">\n\t\t\t<style>\/*! elementor - v3.21.0 - 15-04-2024 *\/\n.elementor-widget-text-editor.elementor-drop-cap-view-stacked .elementor-drop-cap{background-color:#69727d;color:#fff}.elementor-widget-text-editor.elementor-drop-cap-view-framed .elementor-drop-cap{color:#69727d;border:3px solid;background-color:transparent}.elementor-widget-text-editor:not(.elementor-drop-cap-view-default) .elementor-drop-cap{margin-top:8px}.elementor-widget-text-editor:not(.elementor-drop-cap-view-default) .elementor-drop-cap-letter{width:1em;height:1em}.elementor-widget-text-editor .elementor-drop-cap{float:left;text-align:center;line-height:1;font-size:50px}.elementor-widget-text-editor .elementor-drop-cap-letter{display:inline-block}<\/style>\t\t\t\t<p>J\u00fcrgen Weiland (1. Vorsitzender)<\/p><p>Andreas B\u00fcttner (2. Vorsitzender)<\/p><p>Oliver Fleck (1. Gesch\u00e4ftsf\u00fchrer)<\/p><p>Gabi Weiland (1. Kassierer)<\/p>\t\t\t\t\t\t<\/div>\n\t\t\t\t<\/div>\n\t\t\t\t\t<\/div>\n\t\t\t\t<\/div>\n\t\t<div class=\"elementor-element elementor-element-afc8d48 e-flex e-con-boxed e-con e-parent\" data-id=\"afc8d48\" data-element_type=\"container\">\n\t\t\t\t\t<div class=\"e-con-inner\">\n\t\t\t\t<div class=\"elementor-element elementor-element-e42b1ad elementor-widget elementor-widget-heading\" data-id=\"e42b1ad\" data-element_type=\"widget\" data-widget_type=\"heading.default\">\n\t\t\t\t<div class=\"elementor-widget-container\">\n\t\t\t<h2 class=\"elementor-heading-title elementor-size-default\">Erweiterter Vorstand<\/h2>\t\t<\/div>\n\t\t\t\t<\/div>\n\t\t\t\t<div class=\"elementor-element elementor-element-033a5a4 elementor-widget elementor-widget-text-editor\" data-id=\"033a5a4\" data-element_type=\"widget\" data-widget_type=\"text-editor.default\">\n\t\t\t\t<div class=\"elementor-widget-container\">\n\t\t\t\t\t\t\t<p>unbesetzt (2. Gesch\u00e4ftsf\u00fchrer)<\/p><p>Bernd Stark (2. Kassierer)<\/p><p>Friedhelm Streit (1. Sportwart)<\/p><p>unbesetzt (2. Sportwart)<\/p><p>Jonas Streit (1. Jugendwart)<\/p><p>unbesetzt (2. Jugendwart)<\/p><p>Manfred Stark (1. Gew\u00e4sserwart)<\/p><p>Albert Quint<\/p><p>Hermann Riemann (1. Haus- und Ger\u00e4tewart)<\/p><p>Hildegart M\u00f6rschbacher (2. Haus- und Ger\u00e4tewart)<\/p>\t\t\t\t\t\t<\/div>\n\t\t\t\t<\/div>\n\t\t\t\t\t<\/div>\n\t\t\t\t<\/div>\n\t\t<div class=\"elementor-element elementor-element-8316eb8 e-flex e-con-boxed e-con e-parent\" data-id=\"8316eb8\" data-element_type=\"container\">\n\t\t\t\t\t<div class=\"e-con-inner\">\n\t\t\t\t<div class=\"elementor-element elementor-element-b832ccb elementor-widget elementor-widget-heading\" data-id=\"b832ccb\" data-element_type=\"widget\" data-widget_type=\"heading.default\">\n\t\t\t\t<div class=\"elementor-widget-container\">\n\t\t\t<h2 class=\"elementor-heading-title elementor-size-default\">Beisitzer<\/h2>\t\t<\/div>\n\t\t\t\t<\/div>\n\t\t\t\t<div class=\"elementor-element elementor-element-6e394f1 elementor-widget elementor-widget-text-editor\" data-id=\"6e394f1\" data-element_type=\"widget\" data-widget_type=\"text-editor.default\">\n\t\t\t\t<div class=\"elementor-widget-container\">\n\t\t\t\t\t\t\t<p>Dietmar Mattes<\/p><p>Michael Schmitt<\/p><p>Horst Zimmer<\/p>\t\t\t\t\t\t<\/div>\n\t\t\t\t<\/div>\n\t\t\t\t\t<\/div>\n\t\t\t\t<\/div>\n\t\t<div class=\"elementor-element elementor-element-89bfed1 e-flex e-con-boxed e-con e-parent\" data-id=\"89bfed1\" data-element_type=\"container\">\n\t\t\t\t\t<div class=\"e-con-inner\">\n\t\t\t\t<div class=\"elementor-element elementor-element-9d92ef0 elementor-widget elementor-widget-heading\" data-id=\"9d92ef0\" data-element_type=\"widget\" data-widget_type=\"heading.default\">\n\t\t\t\t<div class=\"elementor-widget-container\">\n\t\t\t<h2 class=\"elementor-heading-title elementor-size-default\">Kassenpr\u00fcfer<\/h2>\t\t<\/div>\n\t\t\t\t<\/div>\n\t\t\t\t<div class=\"elementor-element elementor-element-d7bbf1e elementor-widget elementor-widget-text-editor\" data-id=\"d7bbf1e\" data-element_type=\"widget\" data-widget_type=\"text-editor.default\">\n\t\t\t\t<div class=\"elementor-widget-container\">\n\t\t\t\t\t\t\t<p>Ralf Weiland (1. Kassenpr\u00fcfer)<\/p><p>Joachim H\u00f6nel (2. Kassenpr\u00fcfer)<\/p>\t\t\t\t\t\t<\/div>\n\t\t\t\t<\/div>\n\t\t\t\t\t<\/div>\n\t\t\t\t<\/div>\n\t\t\t\t<\/div>\n\t\t","protected":false},"excerpt":{"rendered":"<p>Der Vorstand des ASC-Pfalzel Gesch\u00e4ftsf\u00fchrender Vorstand J\u00fcrgen Weiland (1. Vorsitzender) Andreas B\u00fcttner (2. Vorsitzender) Oliver Fleck (1. Gesch\u00e4ftsf\u00fchrer) Gabi Weiland (1. Kassierer) Erweiterter Vorstand unbesetzt (2. Gesch\u00e4ftsf\u00fchrer) Bernd Stark (2. Kassierer) Friedhelm Streit (1. Sportwart) unbesetzt (2. Sportwart) Jonas Streit (1. Jugendwart) unbesetzt (2. Jugendwart) Manfred Stark (1. Gew\u00e4sserwart) Albert Quint Hermann Riemann (1. Haus- [&hellip;]<\/p>\n","protected":false},"author":1,"featured_media":0,"parent":0,"menu_order":0,"comment_status":"closed","ping_status":"closed","template":"","meta":{"ocean_post_layout":"full-screen","ocean_both_sidebars_style":"","ocean_both_sidebars_content_width":0,"ocean_both_sidebars_sidebars_width":0,"ocean_sidebar":"","ocean_second_sidebar":"","ocean_disable_margins":"enable","ocean_add_body_class":"","ocean_shortcode_before_top_bar":"","ocean_shortcode_after_top_bar":"","ocean_shortcode_before_header":"","ocean_shortcode_after_header":"","ocean_has_shortcode":"","ocean_shortcode_after_title":"","ocean_shortcode_before_footer_widgets":"","ocean_shortcode_after_footer_widgets":"","ocean_shortcode_before_footer_bottom":"","ocean_shortcode_after_footer_bottom":"","ocean_display_top_bar":"off","ocean_display_header":"default","ocean_header_style":"minimal","ocean_center_header_left_menu":"","ocean_custom_header_template":"","ocean_custom_logo":0,"ocean_custom_retina_logo":0,"ocean_custom_logo_max_width":0,"ocean_custom_logo_tablet_max_width":0,"ocean_custom_logo_mobile_max_width":0,"ocean_custom_logo_max_height":0,"ocean_custom_logo_tablet_max_height":0,"ocean_custom_logo_mobile_max_height":0,"ocean_header_custom_menu":"","ocean_menu_typo_font_family":"","ocean_menu_typo_font_subset":"","ocean_menu_typo_font_size":0,"ocean_menu_typo_font_size_tablet":0,"ocean_menu_typo_font_size_mobile":0,"ocean_menu_typo_font_size_unit":"px","ocean_menu_typo_font_weight":"","ocean_menu_typo_font_weight_tablet":"","ocean_menu_typo_font_weight_mobile":"","ocean_menu_typo_transform":"","ocean_menu_typo_transform_tablet":"","ocean_menu_typo_transform_mobile":"","ocean_menu_typo_line_height":0,"ocean_menu_typo_line_height_tablet":0,"ocean_menu_typo_line_height_mobile":0,"ocean_menu_typo_line_height_unit":"","ocean_menu_typo_spacing":0,"ocean_menu_typo_spacing_tablet":0,"ocean_menu_typo_spacing_mobile":0,"ocean_menu_typo_spacing_unit":"","ocean_menu_link_color":"","ocean_menu_link_color_hover":"","ocean_menu_link_color_active":"","ocean_menu_link_background":"","ocean_menu_link_hover_background":"","ocean_menu_link_active_background":"","ocean_menu_social_links_bg":"","ocean_menu_social_hover_links_bg":"","ocean_menu_social_links_color":"","ocean_menu_social_hover_links_color":"","ocean_disable_title":"on","ocean_disable_heading":"default","ocean_post_title":"","ocean_post_subheading":"","ocean_post_title_style":"","ocean_post_title_background_color":"","ocean_post_title_background":0,"ocean_post_title_bg_image_position":"","ocean_post_title_bg_image_attachment":"","ocean_post_title_bg_image_repeat":"","ocean_post_title_bg_image_size":"","ocean_post_title_height":0,"ocean_post_title_bg_overlay":0.5,"ocean_post_title_bg_overlay_color":"","ocean_disable_breadcrumbs":"default","ocean_breadcrumbs_color":"","ocean_breadcrumbs_separator_color":"","ocean_breadcrumbs_links_color":"","ocean_breadcrumbs_links_hover_color":"","ocean_display_footer_widgets":"off","ocean_display_footer_bottom":"off","ocean_custom_footer_template":"","footnotes":""},"_links":{"self":[{"href":"http:\/\/asc-pfalzel.de\/dashboard\/wp-json\/wp\/v2\/pages\/23"}],"collection":[{"href":"http:\/\/asc-pfalzel.de\/dashboard\/wp-json\/wp\/v2\/pages"}],"about":[{"href":"http:\/\/asc-pfalzel.de\/dashboard\/wp-json\/wp\/v2\/types\/page"}],"author":[{"embeddable":true,"href":"http:\/\/asc-pfalzel.de\/dashboard\/wp-json\/wp\/v2\/users\/1"}],"replies":[{"embeddable":true,"href":"http:\/\/asc-pfalzel.de\/dashboard\/wp-json\/wp\/v2\/comments?post=23"}],"version-history":[{"count":24,"href":"http:\/\/asc-pfalzel.de\/dashboard\/wp-json\/wp\/v2\/pages\/23\/revisions"}],"predecessor-version":[{"id":235,"href":"http:\/\/asc-pfalzel.de\/dashboard\/wp-json\/wp\/v2\/pages\/23\/revisions\/235"}],"wp:attachment":[{"href":"http:\/\/asc-pfalzel.de\/dashboard\/wp-json\/wp\/v2\/media?parent=23"}],"curies":[{"name":"wp","href":"https:\/\/api.w.org\/{rel}","templated":true}]}}

Über uns

<div data-elementor-type="wp-page" data-elementor-id="23" class="elementor elementor-23">
				<div class="elementor-element elementor-element-fcfbce9 e-flex e-con-boxed e-con e-parent" data-id="fcfbce9" data-element_type="container">
					<div class="e-con-inner">
				<div class="elementor-element elementor-element-d7a51a5 elementor-widget elementor-widget-heading" data-id="d7a51a5" data-element_type="widget" data-widget_type="heading.default">
				<div class="elementor-widget-container">
			<style>/*! elementor - v3.21.0 - 15-04-2024 */
.elementor-heading-title{padding:0;margin:0;line-height:1}.elementor-widget-heading .elementor-heading-title[class*=elementor-size-]>a{color:inherit;font-size:inherit;line-height:inherit}.elementor-widget-heading .elementor-heading-title.elementor-size-small{font-size:15px}.elementor-widget-heading .elementor-heading-title.elementor-size-medium{font-size:19px}.elementor-widget-heading .elementor-heading-title.elementor-size-large{font-size:29px}.elementor-widget-heading .elementor-heading-title.elementor-size-xl{font-size:39px}.elementor-widget-heading .elementor-heading-title.elementor-size-xxl{font-size:59px}</style><h2 class="elementor-heading-title elementor-size-default">Der Vorstand des ASC-Pfalzel</h2>		</div>
				</div>
					</div>
				</div>
		<div class="elementor-element elementor-element-c551d5e e-flex e-con-boxed e-con e-parent" data-id="c551d5e" data-element_type="container">
					<div class="e-con-inner">
					</div>
				</div>
		<div class="elementor-element elementor-element-7f0139e e-flex e-con-boxed e-con e-parent" data-id="7f0139e" data-element_type="container">
					<div class="e-con-inner">
				<div class="elementor-element elementor-element-a59c514 elementor-widget elementor-widget-heading" data-id="a59c514" data-element_type="widget" data-widget_type="heading.default">
				<div class="elementor-widget-container">
			<h2 class="elementor-heading-title elementor-size-default">Geschäftsführender Vorstand</h2>		</div>
				</div>
				<div class="elementor-element elementor-element-bed7f26 elementor-widget elementor-widget-text-editor" data-id="bed7f26" data-element_type="widget" data-widget_type="text-editor.default">
				<div class="elementor-widget-container">
			<style>/*! elementor - v3.21.0 - 15-04-2024 */
.elementor-widget-text-editor.elementor-drop-cap-view-stacked .elementor-drop-cap{background-color:#69727d;color:#fff}.elementor-widget-text-editor.elementor-drop-cap-view-framed .elementor-drop-cap{color:#69727d;border:3px solid;background-color:transparent}.elementor-widget-text-editor:not(.elementor-drop-cap-view-default) .elementor-drop-cap{margin-top:8px}.elementor-widget-text-editor:not(.elementor-drop-cap-view-default) .elementor-drop-cap-letter{width:1em;height:1em}.elementor-widget-text-editor .elementor-drop-cap{float:left;text-align:center;line-height:1;font-size:50px}.elementor-widget-text-editor .elementor-drop-cap-letter{display:inline-block}</style>				<p>Jürgen Weiland (1. Vorsitzender)</p><p>Andreas Büttner (2. Vorsitzender)</p><p>Oliver Fleck (1. Geschäftsführer)</p><p>Gabi Weiland (1. Kassierer)</p>						</div>
				</div>
					</div>
				</div>
		<div class="elementor-element elementor-element-afc8d48 e-flex e-con-boxed e-con e-parent" data-id="afc8d48" data-element_type="container">
					<div class="e-con-inner">
				<div class="elementor-element elementor-element-e42b1ad elementor-widget elementor-widget-heading" data-id="e42b1ad" data-element_type="widget" data-widget_type="heading.default">
				<div class="elementor-widget-container">
			<h2 class="elementor-heading-title elementor-size-default">Erweiterter Vorstand</h2>		</div>
				</div>
				<div class="elementor-element elementor-element-033a5a4 elementor-widget elementor-widget-text-editor" data-id="033a5a4" data-element_type="widget" data-widget_type="text-editor.default">
				<div class="elementor-widget-container">
							<p>unbesetzt (2. Geschäftsführer)</p><p>Bernd Stark (2. Kassierer)</p><p>Friedhelm Streit (1. Sportwart)</p><p>unbesetzt (2. Sportwart)</p><p>Jonas Streit (1. Jugendwart)</p><p>unbesetzt (2. Jugendwart)</p><p>Manfred Stark (1. Gewässerwart)</p><p>Albert Quint</p><p>Hermann Riemann (1. Haus- und Gerätewart)</p><p>Hildegart Mörschbacher (2. Haus- und Gerätewart)</p>						</div>
				</div>
					</div>
				</div>
		<div class="elementor-element elementor-element-8316eb8 e-flex e-con-boxed e-con e-parent" data-id="8316eb8" data-element_type="container">
					<div class="e-con-inner">
				<div class="elementor-element elementor-element-b832ccb elementor-widget elementor-widget-heading" data-id="b832ccb" data-element_type="widget" data-widget_type="heading.default">
				<div class="elementor-widget-container">
			<h2 class="elementor-heading-title elementor-size-default">Beisitzer</h2>		</div>
				</div>
				<div class="elementor-element elementor-element-6e394f1 elementor-widget elementor-widget-text-editor" data-id="6e394f1" data-element_type="widget" data-widget_type="text-editor.default">
				<div class="elementor-widget-container">
							<p>Dietmar Mattes</p><p>Michael Schmitt</p><p>Horst Zimmer</p>						</div>
				</div>
					</div>
				</div>
		<div class="elementor-element elementor-element-89bfed1 e-flex e-con-boxed e-con e-parent" data-id="89bfed1" data-element_type="container">
					<div class="e-con-inner">
				<div class="elementor-element elementor-element-9d92ef0 elementor-widget elementor-widget-heading" data-id="9d92ef0" data-element_type="widget" data-widget_type="heading.default">
				<div class="elementor-widget-container">
			<h2 class="elementor-heading-title elementor-size-default">Kassenprüfer</h2>		</div>
				</div>
				<div class="elementor-element elementor-element-d7bbf1e elementor-widget elementor-widget-text-editor" data-id="d7bbf1e" data-element_type="widget" data-widget_type="text-editor.default">
				<div class="elementor-widget-container">
							<p>Ralf Weiland (1. Kassenprüfer)</p><p>Joachim Hönel (2. Kassenprüfer)</p>						</div>
				</div>
					</div>
				</div>
				</div>

<p>Der Vorstand des ASC-Pfalzel Geschäftsführender Vorstand Jürgen Weiland (1. Vorsitzender) Andreas Büttner (2. Vorsitzender) Oliver Fleck (1. Geschäftsführer) Gabi Weiland (1. Kassierer) Erweiterter Vorstand unbesetzt (2. Geschäftsführer) Bernd Stark (2. Kassierer) Friedhelm Streit (1. Sportwart) unbesetzt (2. Sportwart) Jonas Streit (1. Jugendwart) unbesetzt (2. Jugendwart) Manfred Stark (1. Gewässerwart) Albert Quint Hermann Riemann (1. Haus- [&hellip;]</p>
